{"id":5194,"date":"2025-09-15T00:55:25","date_gmt":"2025-09-15T00:55:25","guid":{"rendered":"https:\/\/mexico.distroller.com\/wordpress2\/?page_id=5194"},"modified":"2026-01-30T18:31:31","modified_gmt":"2026-01-30T18:31:31","slug":"producto8","status":"publish","type":"page","link":"https:\/\/mexico.distroller.com\/?page_id=5194","title":{"rendered":"Ksi-Merito Gemelo DeiNait Deisita- Prod 8"},"content":{"rendered":"\n<div>\n<style>\n\/* === FRAME del media principal (tama\u00f1o \u201cbien\u201d) === *\/\n.dtr-photo{\n  background:#fff;\n  border-radius:16px;\n  box-shadow:0 8px 24px rgba(31,22,54,.12);\n  padding:12px;\n  display:grid;\n  place-items:center;\n}\n.dtr-media-frame{\n  width:100%;\n  max-width:560px;\n  aspect-ratio:4 \/ 5;\n  border-radius:12px;\n  overflow:hidden;\n  display:grid;\n  place-items:center;\n  background:#fff;\n}\n.dtr-media-frame > img,\n.dtr-media-frame > video{\n  width:100%;\n  height:100%;\n  object-fit:contain;\n  display:block;\n  border-radius:12px;\n}\n<\/style>\n\n<div class=\"dtr-product-page\">\n\n  <!-- HERO -->\n  <section class=\"dtr-product-hero\">\n    <!-- Thumbnails -->\n    <div class=\"dtr-thumbs\" aria-label=\"Galer\u00eda de im\u00e1genes\">\n      <button class=\"dtr-thumb\" aria-current=\"true\" data-type=\"image\">\n        <img decoding=\"async\" src=\"https:\/\/mexico.distroller.com\/wp-content\/uploads\/2025\/09\/deisitafront.jpeg\" alt=\"Ksi-Merito vista frontal\" loading=\"lazy\">\n      <\/button>\n\n      <button class=\"dtr-thumb\" data-type=\"image\">\n        <img decoding=\"async\" src=\"https:\/\/mexico.distroller.com\/wp-content\/uploads\/2025\/09\/8b.jpg\" alt=\"Ksi-Merito accesorios\" loading=\"lazy\">\n      <\/button>\n\n      <button class=\"dtr-thumb\" data-type=\"image\">\n        <img decoding=\"async\" src=\"https:\/\/mexico.distroller.com\/wp-content\/uploads\/2025\/09\/8c.jpg\" alt=\"Ksi-Merito caja\" loading=\"lazy\">\n      <\/button>\n\n      <button class=\"dtr-thumb\" data-type=\"image\">\n        <img decoding=\"async\" src=\"https:\/\/mexico.distroller.com\/wp-content\/uploads\/2025\/09\/8ff.jpg\" alt=\"Ksi-Merito caja\" loading=\"lazy\">\n      <\/button>\n\n      <button class=\"dtr-thumb\" data-type=\"image\">\n        <img decoding=\"async\" src=\"https:\/\/mexico.distroller.com\/wp-content\/uploads\/2025\/09\/8ee.jpg\" alt=\"Ksi-Merito caja\" loading=\"lazy\">\n      <\/button>\n\n      <!-- \u2705 VIDEO (thumbnail video2.jpg + mp4 video2.mp4) -->\n      <button class=\"dtr-thumb\"\n              data-type=\"video\"\n              data-video=\"https:\/\/mexico.distroller.com\/wp-content\/uploads\/2026\/01\/video2.mp4\"\n              aria-label=\"Ver video\">\n        <img decoding=\"async\" src=\"https:\/\/mexico.distroller.com\/wp-content\/uploads\/2026\/01\/video2.jpg\"\n             alt=\"Video Ksi-Merito Gemelo DeiNait Deisita\" loading=\"lazy\">\n      <\/button>\n    <\/div>\n\n    <!-- Main media -->\n    <figure class=\"dtr-photo\">\n      <div class=\"dtr-media-frame\">\n        <!-- Imagen principal (default) -->\n        <img decoding=\"async\" id=\"dtr-main\"\n             src=\"https:\/\/mexico.distroller.com\/wp-content\/uploads\/2025\/09\/deisitafront.jpeg\"\n             alt=\"Ksi-Merito vista frontal\">\n\n        <!-- Video principal (oculto por defecto) -->\n        <video id=\"dtr-main-video\"\n               controls\n               preload=\"metadata\"\n               playsinline\n               style=\"display:none;\">\n          <source src=\"\" type=\"video\/mp4\">\n          Tu navegador no soporta video.\n        <\/video>\n      <\/div>\n    <\/figure>\n\n    <!-- Info -->\n    <aside class=\"dtr-info\">\n      <h1 class=\"dtr-title\">Ksi-Merito Gemelo DeiNait Deisita<\/h1>\n\n      <p class=\"dtr-meta\">Art\u00edculo: 7506176926531<\/p>\n      <div class=\"dtr-buy-title\">\n        <p class=\"dtr-buy-subtitle\">Adopta tus cr\u00edos en tus tiendas favoritas<\/p>\n        <h2>\u00a1Encu\u00e9ntralos en!<\/h2>\n      <\/div>\n\n      <div class=\"dtr-buy dtr-buy--logos\">\n        <!-- Mercado Libre -->\n        <a class=\"dtr-store\" href=\"https:\/\/www.mercadolibre.com.mx\/ksimerito-gemelo-deinait-deisita-distroller\/up\/MLMU3417430062?pdp_filters=item_id:MLM4060399370#polycard_client=mshops-appearance-api&#038;source=eshops&#038;component=tabbed_carousel&#038;title=Lo+%2B+Nuevo&#038;tracking_id=16de7403-c7ca-4a00-9182-b8a8501a5c6f&#038;global_position=6\" target=\"_blank\" rel=\"noopener\" aria-label=\"Comprar en Mercado Libre\">\n          <img decoding=\"async\" src=\"https:\/\/mexico.distroller.com\/wp-content\/uploads\/2025\/09\/logosfinales2\/mercadolibre.png\" alt=\"\">\n        <\/a>\n\n        <!-- Amazon -->\n        <a class=\"dtr-store\" href=\"https:\/\/www.amazon.com.mx\/Distroller-KSI-merito-Gemelo-DeiNait-Deisita\/dp\/B0FHX1314F\/ref=sr_1_1?__mk_es_MX=%C3%85M%C3%85%C5%BD%C3%95%C3%91&#038;crid=TH5RRDMTBH0G&#038;dib=eyJ2IjoiMSJ9.vWDN6O3Sfcyjx_76husYTA.lQJHEYbml2l1quO1zukcFF2RVfP2lffhQ1T9jW0xWGk&#038;dib_tag=se&#038;keywords=deisita&#038;qid=1758819260&#038;sprefix=deisita%2Caps%2C190&#038;sr=8-1&#038;ufe=app_do%3Aamzn1.fos.de93fa6a-174c-4df7-be7c-5bc8e9c5a71b\" target=\"_blank\" rel=\"noopener\" aria-label=\"Comprar en Amazon\">\n          <img decoding=\"async\" src=\"https:\/\/mexico.distroller.com\/wp-content\/uploads\/2025\/09\/logosfinales2\/amazon.png\" alt=\"\">\n        <\/a>\n\n        <!-- Walmart -->\n        <a class=\"dtr-store\" href=\"https:\/\/www.walmart.com.mx\/ip\/00750617692653\" target=\"_blank\" rel=\"noopener\" aria-label=\"Comprar en Walmart\">\n          <img decoding=\"async\" src=\"https:\/\/mexico.distroller.com\/wp-content\/uploads\/2025\/09\/logosfinales2\/walmart.png\" alt=\"\">\n        <\/a>\n\n        <!-- Liverpool -->\n        <a class=\"dtr-store\" href=\"https:\/\/www.liverpool.com.mx\/tienda\/pdp\/mu%C3%B1eca-distroller-distroller-ksi-merito-deinait-deisita\/1184756311?skuid=1184756311\" target=\"_blank\" rel=\"noopener\" aria-label=\"Comprar en Liverpool\">\n          <img decoding=\"async\" src=\"https:\/\/mexico.distroller.com\/wp-content\/uploads\/2025\/09\/logosfinales2\/liverpool.png\" alt=\"\">\n        <\/a>\n      <\/div>\n\n      <div class=\"dtr-desc\">\n        <h2 class=\"dtr-section-title\" style=\"margin-bottom:8px\">Descripci\u00f3n del cr\u00edo<\/h2>\n        <p>\n          Deisita, muy madrugadora, naci\u00f3 durante el d\u00eda y es la m\u00e1s energ\u00e9tica del cunero!!!\n          Incluye un outfit mega kiut pa&#8217; los paseos durante el d\u00eda, ponle su lentiux pa\u00b4evitar la insolaci\u00f3n e incluye una carroliux!!!\n        <\/p>\n      <\/div>\n    <\/aside>\n  <\/section>\n\n  <!-- RELATED (igual que tu p\u00e1gina) -->\n  <section class=\"dtr-related\">\n    <h2 class=\"dtr-section-title\">Neonatos similares<\/h2>\n    <div class=\"dtr-rel-track\">\n\n      <!-- Card 1 -->\n      <article class=\"dtr-card\">\n        <a href=\"https:\/\/mexico.distroller.com\/?page_id=5217\">\n          <img decoding=\"async\" src=\"https:\/\/mexico.distroller.com\/wp-content\/uploads\/2025\/09\/11ini.jpg\"\n               alt=\"Ksi-Merito Chivatita Kolors\" loading=\"lazy\">\n        <\/a>\n        <h3>Ksi-Merito Chivatita Kolors<\/h3>\n        <p>Incluye chup\u00f3n y suero para cuidarlo!!!<\/p>\n        <a class=\"dtr-cta\" href=\"https:\/\/mexico.distroller.com\/?page_id=5217\">\n          <img decoding=\"async\" class=\"btn-adoptalo\"\n               src=\"https:\/\/mexico.distroller.com\/wp-content\/uploads\/2025\/09\/SITE-MAP-DISTROLLER-WEB-MOCKUP-2025-02.webp\"\n               alt=\"Ad\u00f3ptalo\">\n        <\/a>\n      <\/article>\n\n      <!-- Card 2 -->\n      <article class=\"dtr-card\">\n        <a href=\"https:\/\/mexico.distroller.com\/?page_id=5209\">\n          <img decoding=\"async\" src=\"https:\/\/mexico.distroller.com\/wp-content\/uploads\/2025\/09\/10ddd.jpg\"\n               alt=\"Ksi-Merito Ksirenita Marisolita\" loading=\"lazy\">\n        <\/a>\n        <h3>Ksi-Merito Ksirenita Marisolita<\/h3>\n        <p>Incluye colita de sirena desmontable y chup\u00f3n!!!<\/p>\n        <a class=\"dtr-cta\" href=\"https:\/\/mexico.distroller.com\/?page_id=5209\">\n          <img decoding=\"async\" class=\"btn-adoptalo\"\n               src=\"https:\/\/mexico.distroller.com\/wp-content\/uploads\/2025\/09\/SITE-MAP-DISTROLLER-WEB-MOCKUP-2025-02.webp\"\n               alt=\"Ad\u00f3ptalo\">\n        <\/a>\n      <\/article>\n\n      <!-- Card 3 -->\n      <article class=\"dtr-card\">\n        <a href=\"https:\/\/mexico.distroller.com\/?page_id=4878\">\n          <img decoding=\"async\" src=\"https:\/\/mexico.distroller.com\/wp-content\/uploads\/2021\/02\/fotos-CARROUSEL2-05.png\"\n               alt=\"Ksi-Merito Auchimerito Tullidanna\" loading=\"lazy\">\n        <\/a>\n        <h3>Ksi-Merito Auchimerito Tullidanna<\/h3>\n        <p>Incluye accesorios para la curaci\u00f3n de cr\u00edo traketeado!!!<\/p>\n        <a class=\"dtr-cta\" href=\"https:\/\/mexico.distroller.com\/?page_id=4878\">\n          <img decoding=\"async\" class=\"btn-adoptalo\"\n               src=\"https:\/\/mexico.distroller.com\/wp-content\/uploads\/2025\/09\/SITE-MAP-DISTROLLER-WEB-MOCKUP-2025-02.webp\"\n               alt=\"Ad\u00f3ptalo\">\n        <\/a>\n      <\/article>\n\n      <!-- Card 4 -->\n      <article class=\"dtr-card\">\n        <a href=\"https:\/\/mexico.distroller.com\/?page_id=5173\">\n          <img decoding=\"async\" src=\"https:\/\/mexico.distroller.com\/wp-content\/uploads\/2025\/09\/Carrusel6.png\"\n               alt=\"Mikro K-Kito Evaqador K-Karlita\" loading=\"lazy\">\n        <\/a>\n        <h3>Mikro K-Kito Evaqador K-Karlita<\/h3>\n        <p>Incluye K-ki Esnak!!!<\/p>\n        <a class=\"dtr-cta\" href=\"https:\/\/mexico.distroller.com\/?page_id=5173\">\n          <img decoding=\"async\" class=\"btn-adoptalo\"\n               src=\"https:\/\/mexico.distroller.com\/wp-content\/uploads\/2025\/09\/SITE-MAP-DISTROLLER-WEB-MOCKUP-2025-02.webp\"\n               alt=\"Ad\u00f3ptalo\">\n        <\/a>\n      <\/article>\n\n    <\/div>\n  <\/section>\n\n<\/div>\n\n<script>\n\/* Mini-galer\u00eda: im\u00e1genes + video (mismo tama\u00f1o\/behavior) *\/\n(function(){\n  const mainImg = document.getElementById('dtr-main');\n  const mainVideo = document.getElementById('dtr-main-video');\n  const thumbs = document.querySelectorAll('.dtr-thumb');\n\n  if(!mainImg) return;\n\n  const hasVideo = !!mainVideo;\n  const videoSource = hasVideo ? mainVideo.querySelector('source') : null;\n\n  function showImage(img){\n    if(hasVideo){\n      mainVideo.pause();\n      mainVideo.style.display = 'none';\n    }\n    mainImg.style.display = 'block';\n    mainImg.src = img.src;\n    mainImg.alt = img.alt;\n  }\n\n  function showVideo(url){\n    if(!hasVideo) return;\n    mainImg.style.display = 'none';\n    videoSource.src = url;\n    mainVideo.load();\n    mainVideo.style.display = 'block';\n    mainVideo.play().catch(()=>{});\n  }\n\n  thumbs.forEach(btn=>{\n    btn.addEventListener('click', ()=>{\n      thumbs.forEach(b=>b.setAttribute('aria-current','false'));\n      btn.setAttribute('aria-current','true');\n\n      const type = btn.dataset.type || 'image';\n      if(type === 'video'){\n        showVideo(btn.dataset.video);\n      }else{\n        const img = btn.querySelector('img');\n        showImage(img);\n      }\n    });\n\n    btn.addEventListener('keydown', e=>{\n      if(e.key === 'Enter' || e.key === ' '){\n        e.preventDefault();\n        btn.click();\n      }\n    });\n  });\n})();\n<\/script>\n<\/div>\n","protected":false},"excerpt":{"rendered":"<p>Tu navegador no soporta video. Ksi-Merito Gemelo DeiNait Deisita Art\u00edculo: 7506176926531 Adopta tus cr\u00edos en tus tiendas favoritas \u00a1Encu\u00e9ntralos en! Descripci\u00f3n del &#8230; <a title=\"Ksi-Merito Gemelo DeiNait Deisita- Prod 8\" class=\"read-more\" href=\"https:\/\/mexico.distroller.com\/?page_id=5194\" aria-label=\"Read more about Ksi-Merito Gemelo DeiNait Deisita- Prod 8\">Read more<\/a><\/p>\n","protected":false},"author":1,"featured_media":0,"parent":0,"menu_order":0,"comment_status":"closed","ping_status":"closed","template":"","meta":{"_acf_changed":false,"footnotes":""},"class_list":["post-5194","page","type-page","status-publish"],"acf":[],"_links":{"self":[{"href":"https:\/\/mexico.distroller.com\/index.php?rest_route=\/wp\/v2\/pages\/5194","targetHints":{"allow":["GET"]}}],"collection":[{"href":"https:\/\/mexico.distroller.com\/index.php?rest_route=\/wp\/v2\/pages"}],"about":[{"href":"https:\/\/mexico.distroller.com\/index.php?rest_route=\/wp\/v2\/types\/page"}],"author":[{"embeddable":true,"href":"https:\/\/mexico.distroller.com\/index.php?rest_route=\/wp\/v2\/users\/1"}],"replies":[{"embeddable":true,"href":"https:\/\/mexico.distroller.com\/index.php?rest_route=%2Fwp%2Fv2%2Fcomments&post=5194"}],"version-history":[{"count":33,"href":"https:\/\/mexico.distroller.com\/index.php?rest_route=\/wp\/v2\/pages\/5194\/revisions"}],"predecessor-version":[{"id":6510,"href":"https:\/\/mexico.distroller.com\/index.php?rest_route=\/wp\/v2\/pages\/5194\/revisions\/6510"}],"wp:attachment":[{"href":"https:\/\/mexico.distroller.com\/index.php?rest_route=%2Fwp%2Fv2%2Fmedia&parent=5194"}],"curies":[{"name":"wp","href":"https:\/\/api.w.org\/{rel}","templated":true}]}}