{"id":5129,"date":"2025-09-14T19:58:24","date_gmt":"2025-09-14T19:58:24","guid":{"rendered":"https:\/\/mexico.distroller.com\/wordpress2\/?page_id=5129"},"modified":"2026-01-30T18:09:27","modified_gmt":"2026-01-30T18:09:27","slug":"producto-2","status":"publish","type":"page","link":"https:\/\/mexico.distroller.com\/?page_id=5129","title":{"rendered":"Ksi-Merito Flag\u00fcer- Prod 2"},"content":{"rendered":"\n<div>\n<div class=\"dtr-product-page\">\n\n  <!-- HERO -->\n  <section class=\"dtr-product-hero\">\n\n    <!-- Thumbnails -->\n    <div class=\"dtr-thumbs\" aria-label=\"Galer\u00eda de im\u00e1genes\">\n\n      <button class=\"dtr-thumb\" aria-current=\"true\">\n        <img decoding=\"async\" src=\"https:\/\/mexico.distroller.com\/wp-content\/uploads\/2025\/09\/2a.jpg\" alt=\"Ksi-Merito vista frontal\" loading=\"lazy\">\n      <\/button>\n\n      <button class=\"dtr-thumb\">\n        <img decoding=\"async\" src=\"https:\/\/mexico.distroller.com\/wp-content\/uploads\/2025\/09\/2b.jpg\" alt=\"Ksi-Merito accesorios\" loading=\"lazy\">\n      <\/button>\n\n      <button class=\"dtr-thumb\">\n        <img decoding=\"async\" src=\"https:\/\/mexico.distroller.com\/wp-content\/uploads\/2025\/09\/2c.jpg\" alt=\"Ksi-Merito caja\" loading=\"lazy\">\n      <\/button>\n\n      <button class=\"dtr-thumb\">\n        <img decoding=\"async\" src=\"https:\/\/mexico.distroller.com\/wp-content\/uploads\/2025\/09\/2f.jpg\" alt=\"Ksi-Merito empaque\" loading=\"lazy\">\n      <\/button>\n\n      <button class=\"dtr-thumb\">\n        <img decoding=\"async\" src=\"https:\/\/mexico.distroller.com\/wp-content\/uploads\/2025\/09\/2d.jpg\" alt=\"Ksi-Merito detalle\" loading=\"lazy\">\n      <\/button>\n\n      <!-- \u2705 VIDEO THUMB (Video4) -->\n      <button class=\"dtr-thumb dtr-thumb--video\" data-video=\"true\" aria-label=\"Ver video\">\n        <img decoding=\"async\" src=\"https:\/\/mexico.distroller.com\/wp-content\/uploads\/2026\/01\/Video4.jpg\" alt=\"Video Ksi-Merito Flag\u00fcer\" loading=\"lazy\">\n      <\/button>\n\n    <\/div>\n\n    <!-- Main media (imagen \/ video) -->\n    <figure class=\"dtr-photo\">\n\n      <!-- Imagen principal -->\n      <img decoding=\"async\" id=\"dtr-main\"\n           src=\"https:\/\/mexico.distroller.com\/wp-content\/uploads\/2025\/09\/2d.jpg\"\n           alt=\"Ksi-Merito vista principal\">\n\n      <!-- Video principal -->\n      <video id=\"dtr-video\" controls preload=\"metadata\" playsinline style=\"display:none;\">\n        <source src=\"https:\/\/mexico.distroller.com\/wp-content\/uploads\/2026\/01\/video4.mp4\" type=\"video\/mp4\">\n        Tu navegador no soporta video HTML5.\n      <\/video>\n\n    <\/figure>\n\n    <!-- Info -->\n    <aside class=\"dtr-info\">\n      <h1 class=\"dtr-title\">Ksi-Merito Flag\u00fcer<\/h1>\n      <p class=\"dtr-meta\">Art\u00edculo: 7506176920980<\/p>\n\n      <div class=\"dtr-buy-title\">\n        <p class=\"dtr-buy-subtitle\">Adopta tus cr\u00edos en tus tiendas favoritas<\/p>\n        <h2>\u00a1Encu\u00e9ntralos en!<\/h2>\n      <\/div>\n\n      <div class=\"dtr-buy dtr-buy--logos\">\n        <!-- Mercado Libre -->\n        <a class=\"dtr-store\" href=\"https:\/\/www.mercadolibre.com.mx\/ksimerito-flaguer-distroller\/up\/MLMU3445552730?pdp_filters=item_id:MLM2466919649#polycard_client=mshops-appearance-api&#038;source=eshops&#038;component=tabbed_carousel&#038;title=Lo+%2B+Nuevo&#038;tracking_id=a5eb40cf-4e9b-4638-b31b-89024d1e65cd&#038;global_position=6\" target=\"_blank\" rel=\"noopener\" aria-label=\"Comprar en Mercado Libre\">\n          <img decoding=\"async\" src=\"https:\/\/mexico.distroller.com\/wp-content\/uploads\/2025\/09\/Logos-detallesdeproducto_MELI.webp\" alt=\"\">\n        <\/a>\n\n        <!-- Liverpool -->\n        <a class=\"dtr-store\" href=\"https:\/\/www.liverpool.com.mx\/tienda?s=distroller\" target=\"_blank\" rel=\"noopener\" aria-label=\"Comprar en Liverpool\">\n          <img decoding=\"async\" src=\"https:\/\/mexico.distroller.com\/wp-content\/uploads\/2025\/09\/Logos-detallesdeproducto_LIVERPOOL.webp\" alt=\"\">\n        <\/a>\n      <\/div>\n\n      <div class=\"dtr-desc\">\n        <h2 class=\"dtr-section-title\" style=\"margin-bottom:8px\">Descripci\u00f3n del cr\u00edo<\/h2>\n        <p>\n          Adopta a Flag\u00fcer, la BFF de Pistilo, una fansense de las flores hasta la m\u00e9dula!!!\n          Cambia de color con agua helada!!!\n          Forma parte de la grin mishion pa&#8217; salvar el planeta Tierra y tiene olor 102% delishus!!!\n        <\/p>\n      <\/div>\n    <\/aside>\n\n  <\/section>\n\n  <!-- RELATED -->\n  <section class=\"dtr-related\">\n    <h2 class=\"dtr-section-title\">Neonatos similares<\/h2>\n\n    <div class=\"dtr-rel-track\">\n\n      <!-- Card 1 -->\n      <article class=\"dtr-card\">\n        <a href=\"https:\/\/mexico.distroller.com\/?page_id=5161\">\n          <img decoding=\"async\" src=\"https:\/\/mexico.distroller.com\/wp-content\/uploads\/2021\/02\/fotos-CARROUSEL2-01.png\" alt=\"KSI-MERITO KOLORS MACHINCUEPA\" loading=\"lazy\">\n        <\/a>\n        <h3>Ksi-Merito Machincuepa Kolors<\/h3>\n        <p>Incluye chup\u00f3n y suero para cuidarlo!!!<\/p>\n        <a class=\"dtr-cta\" href=\"https:\/\/mexico.distroller.com\/?page_id=5161\">\n          <img decoding=\"async\" class=\"btn-adoptalo\" src=\"https:\/\/mexico.distroller.com\/wp-content\/uploads\/2025\/09\/SITE-MAP-DISTROLLER-WEB-MOCKUP-2025-02.webp\" alt=\"Ad\u00f3ptalo\">\n        <\/a>\n      <\/article>\n\n      <!-- Card 2 -->\n      <article class=\"dtr-card\">\n        <a href=\"https:\/\/mexico.distroller.com\/?page_id=5194\">\n          <img decoding=\"async\" src=\"https:\/\/mexico.distroller.com\/wp-content\/uploads\/2021\/02\/fotos-CARROUSEL2-08.png\" alt=\"KSI-MERITO DEI-NAIT DEISITA\" loading=\"lazy\">\n        <\/a>\n        <h3>Ksi-Merito Gemelo DeiNait Deisita<\/h3>\n        <p>Incluye una carroliux pa\u2019l paseo en d\u00edas soleados!!!<\/p>\n        <a class=\"dtr-cta\" href=\"https:\/\/mexico.distroller.com\/?page_id=5194\">\n          <img decoding=\"async\" class=\"btn-adoptalo\" src=\"https:\/\/mexico.distroller.com\/wp-content\/uploads\/2025\/09\/SITE-MAP-DISTROLLER-WEB-MOCKUP-2025-02.webp\" alt=\"Ad\u00f3ptalo\">\n        <\/a>\n      <\/article>\n\n      <!-- Card 3 -->\n      <article class=\"dtr-card\">\n        <a href=\"https:\/\/mexico.distroller.com\/?page_id=4878\">\n          <img decoding=\"async\" src=\"https:\/\/mexico.distroller.com\/wp-content\/uploads\/2021\/02\/fotos-CARROUSEL2-05.png\" alt=\"KSI-MERITO AUCHIMERITO TULLIDANNA\" loading=\"lazy\">\n        <\/a>\n        <h3>Ksi-Merito Auchimerito Tullidanna<\/h3>\n        <p>Incluye accesorios para la curaci\u00f3ng!!!<\/p>\n        <a class=\"dtr-cta\" href=\"https:\/\/mexico.distroller.com\/?page_id=4878\">\n          <img decoding=\"async\" class=\"btn-adoptalo\" src=\"https:\/\/mexico.distroller.com\/wp-content\/uploads\/2025\/09\/SITE-MAP-DISTROLLER-WEB-MOCKUP-2025-02.webp\" alt=\"Ad\u00f3ptalo\">\n        <\/a>\n      <\/article>\n\n      <!-- Card 4 -->\n      <article class=\"dtr-card\">\n        <a href=\"https:\/\/mexico.distroller.com\/?page_id=5191\">\n          <img decoding=\"async\" src=\"https:\/\/mexico.distroller.com\/wp-content\/uploads\/2021\/02\/fotos-CARROUSEL2-07.png\" alt=\"KSI-MERITO GEMELO DEI-NAIT NOCHEMA\" loading=\"lazy\">\n        <\/a>\n        <h3>Ksi-Merito Gemelo DeiNait Nochema<\/h3>\n        <p>Incluye una tiniux pa&#8217;l ba\u00f1o nocturno!!!<\/p>\n        <a class=\"dtr-cta\" href=\"https:\/\/mexico.distroller.com\/?page_id=5191\">\n          <img decoding=\"async\" class=\"btn-adoptalo\" src=\"https:\/\/mexico.distroller.com\/wp-content\/uploads\/2025\/09\/SITE-MAP-DISTROLLER-WEB-MOCKUP-2025-02.webp\" alt=\"Ad\u00f3ptalo\">\n        <\/a>\n      <\/article>\n\n    <\/div>\n  <\/section>\n\n<\/div>\n\n<!-- \u2705 CSS m\u00ednimo SOLO para igualar tama\u00f1o del video con im\u00e1genes -->\n<style>\n  .dtr-photo{\n    width:100%;\n    max-width:480px;   \/* ajusta si tu imagen principal es m\u00e1s grande\/chica *\/\n    margin:0 auto;\n  }\n  #dtr-main, #dtr-video{\n    width:100%;\n    height:auto;\n    aspect-ratio:1 \/ 1;   \/* \ud83d\udd25 clave: igual que las fotos *\/\n    object-fit:cover;\n    border-radius:16px;\n    background:#fff;\n    display:block;\n  }\n<\/style>\n\n<script>\n\/* Mini-galer\u00eda: cambia la imagen principal (o muestra el video) *\/\n(function(){\n  const mainImg = document.getElementById('dtr-main');\n  const video   = document.getElementById('dtr-video');\n  const thumbs  = document.querySelectorAll('.dtr-thumb');\n\n  thumbs.forEach(btn=>{\n    btn.addEventListener('click', ()=>{\n      thumbs.forEach(b=>b.setAttribute('aria-current','false'));\n      btn.setAttribute('aria-current','true');\n\n      const isVideo = btn.dataset.video === \"true\";\n      const img = btn.querySelector('img');\n\n      if (isVideo) {\n        mainImg.style.display = \"none\";\n        video.style.display = \"block\";\n        video.currentTime = 0;\n        video.play().catch(()=>{});\n      } else {\n        video.pause();\n        video.style.display = \"none\";\n        mainImg.style.display = \"block\";\n        mainImg.src = img.src;\n        mainImg.alt = img.alt;\n      }\n    });\n\n    btn.addEventListener('keydown', e=>{\n      if(e.key === 'Enter' || e.key === ' '){\n        e.preventDefault();\n        btn.click();\n      }\n    });\n  });\n})();\n<\/script>\n\n<\/div>\n","protected":false},"excerpt":{"rendered":"<p>Tu navegador no soporta video HTML5. Ksi-Merito Flag\u00fcer Art\u00edculo: 7506176920980 Adopta tus cr\u00edos en tus tiendas favoritas \u00a1Encu\u00e9ntralos en! Descripci\u00f3n del cr\u00edo &#8230; <a title=\"Ksi-Merito Flag\u00fcer- Prod 2\" class=\"read-more\" href=\"https:\/\/mexico.distroller.com\/?page_id=5129\" aria-label=\"Read more about Ksi-Merito Flag\u00fcer- Prod 2\">Read more<\/a><\/p>\n","protected":false},"author":1,"featured_media":0,"parent":0,"menu_order":0,"comment_status":"closed","ping_status":"closed","template":"","meta":{"_acf_changed":false,"footnotes":""},"class_list":["post-5129","page","type-page","status-publish"],"acf":[],"_links":{"self":[{"href":"https:\/\/mexico.distroller.com\/index.php?rest_route=\/wp\/v2\/pages\/5129","targetHints":{"allow":["GET"]}}],"collection":[{"href":"https:\/\/mexico.distroller.com\/index.php?rest_route=\/wp\/v2\/pages"}],"about":[{"href":"https:\/\/mexico.distroller.com\/index.php?rest_route=\/wp\/v2\/types\/page"}],"author":[{"embeddable":true,"href":"https:\/\/mexico.distroller.com\/index.php?rest_route=\/wp\/v2\/users\/1"}],"replies":[{"embeddable":true,"href":"https:\/\/mexico.distroller.com\/index.php?rest_route=%2Fwp%2Fv2%2Fcomments&post=5129"}],"version-history":[{"count":57,"href":"https:\/\/mexico.distroller.com\/index.php?rest_route=\/wp\/v2\/pages\/5129\/revisions"}],"predecessor-version":[{"id":6502,"href":"https:\/\/mexico.distroller.com\/index.php?rest_route=\/wp\/v2\/pages\/5129\/revisions\/6502"}],"wp:attachment":[{"href":"https:\/\/mexico.distroller.com\/index.php?rest_route=%2Fwp%2Fv2%2Fmedia&parent=5129"}],"curies":[{"name":"wp","href":"https:\/\/api.w.org\/{rel}","templated":true}]}}